. Let x be b(0). Let o(p) = -4*p + 6. Let u be o(x). Is (-140)/u + 6/27 a multiple of 8?
True
Suppose 2 = m + 2*u + 6, 4*m + 4*u = -4. Suppose -y + v = m, 5 = -v + 2*v. Suppose 38 + 7 = y*w. Does 8 divide w?
False
Let w be (-2862)/(-11) + (-4)/22. Suppose -3*f - 440 = -5*m + 2*f, -3*m + w = -5*f. Is 18 a factor of m?
True
Suppose m - 29 = 4*g, 2*g + 45 + 31 = 2*m. Is m a multiple of 3?
False
Let s = -620 + 274. Suppose 5*n - 2*n = -21. Does 19 divide s/(-14) - 2/n?
False
Let s(r) = -r**3 + 6*r**2 + 8*r - 1. Let w(j) = 4*j**2 - 2*j - j**3 + 5*j + 0*j**3 - 5. Let m be w(4). Is 5 a factor of s(m)?
False
Let i(r) = -5*r**2 + 2*r + 1. Let d be i(-1). Is 25 a factor of ((-87)/d - 2)*2?
True
Suppose -3*s = -1 - 5. Suppose n = -2*x + s*n + 47, -n = 5*x - 100. Is 13 a factor of x?
False
Suppose 0*t = 4*y - 3*t - 9, 3*t + 9 = -3*y. Suppose 29 = 5*v - 136. Suppose -5*q + v - 8 = y. Is q a multiple of 2?
False
Suppose -4*w + 5 = 73. Let x = -12 - w. Let b(p) = 3*p + 2. Is b(x) a multiple of 7?
False
Is 4 + 4/(6/21 + 0) a multiple of 18?
True
Suppose 2 = -4*g + 14. Suppose -2*h + 6*h - 3*y - 12 = 0, -g = -h - y. Is h even?
False
Suppose 5*k + 39 = 189. Suppose -k = -d - 0*d. Let i = 14 + d. Is 19 a factor of i?
False
Let x = -1 + 3. Let t = -2 + x. Suppose 1 = b, -5*k + t*k + 175 = 5*b. Is k a multiple of 17?
True
Let q = -59 + 92. Suppose -4*t + q + 23 = 2*x, x - 4*t - 46 = 0. Does 17 divide x?
True
Does 20 divide (-6)/(-9) + ((-128)/(-6) - 2)?
True
Let t(j) = 51*j**2 - 2*j + 1. Let r(i) = -i**3 + 1 + i + 2*i - 2*i. Let x be r(0). Is t(x) a multiple of 18?
False
Let o = -5 + 9. Suppose -3 = 2*n + m + 2, -3*m = -o*n - 5. Let q = n - -5. Is q even?
False
Let n(b) = -b - 1. Let g be n(-7). Is 9 a factor of g/(-36) + (-235)/(-6)?
False
Let j(q) = -9*q + 2. Let s(t) = -8*t + 2. Let y(c) = 5*j(c) - 6*s(c). Let z be y(4). Is 7 a factor of (35 - 1)*5/z?
False
Let l(z) = -6*z**2 - 5 + z**3 - 3*z + 10 - 5. Is 14 a factor of l(7)?
True
Is (-5*1*-2)/(37/74) a multiple of 10?
True
Suppose 0 = -6*n + n. Suppose -2*o + 8 = n, -c + 5*o = -0*c. Does 10 divide c?
True
Suppose -k + 0*k = -31. Is k a multiple of 6?
False
Does 6 divide (-1264)/(-14) - (-32)/(-112)?
True
Let i = -235 + 395. Does 10 divide i?
True
Let r = -1 - -8. Let s = r - 3. Does 3 divide (-6)/(-2) + s + -4?
True
Suppose 217 = 2*u + 35. Suppose -u = -2*l + f, 6*f - 250 = -5*l + 4*f. Does 23 divide l?
False
Suppose 6*x - 82 + 130 = 0. Let g(u) = u**2 + 14*u - 3. Let a(t) = -t**2 - 13*t + 4. Let r(h) = 6*a(h) + 5*g(h). Is r(x) a multiple of 9?
True
Let x(d) = d**3 - 2*d**2 + 5*d - 4. Let k(i) = -5*i**3 + 9*i**2 - 21*i + 17. Let t(a) = -2*k(a) - 9*x(a). Does 4 divide t(2)?
True
Let l(a) = 2*a + 4. Let v be l(8). Suppose 0*c - 34 = -i + 3*c, -4*c = v. Is i a multiple of 11?
False
Suppose -109 = 5*h + 3*v + 274, 4*h - v = -320. Let o = h + 163. Does 17 divide o?
False
Suppose 15 = -2*w + 55. Is w a multiple of 5?
True
Let n(y) = 0 + 9*y - 2 + y**2 + 6. Does 12 divide n(-11)?
False
Suppose -6*i + i + 5 = 0. Is 3 a factor of 1 + (i - 0) - -4?
True
Let s = 204 + -61. Does 13 divide s?
True
Let o be (9 + -2)/((-3)/(-9)). Suppose -2*z = -23 - o. Is 11 a factor of z?
True
Let z(s) = -2*s - 8. Let f(u) = u**2 + 9*u + 8. Let x be f(-8). Suppose 2*y - d = -3*d - 2, x = -3*y - 5*d + 7. Is z(y) a multiple of 4?
True
Let g = -4 - -6. Let a be (0 - g - 11)*-1. Suppose -2*p + a = -31. Is p a multiple of 22?
True
Let g(n) = -n**2 - 14*n - 5. Is 8 a factor of g(-10)?
False
Suppose -n = -1 - 7. Let l = n + -2. Let o(u) = -u + 10. Is o(l) a multiple of 3?
False
Suppose 138 = 5*g + 8. Is g a multiple of 12?
False
Suppose f - 3*b = 165, -2*f + 4*b = 3*f - 847. Does 9 divide f?
True
Let n(v) = v**3 + 8*v**2 + v + 11. Let g be n(-8). Suppose -g*s - p + 11 = 0, -p + 8 = 4*s - 3*p. Does 2 divide s?
False
Let h = -12 + 28. Suppose 184 = 4*b - h. Does 14 divide b?
False
Suppose n = 354 - 25. Is 47 a factor of n?
True
Let u = 133 + -84. Is 11 a factor of u + -8 - (-2)/(-2)?
False
Let y(q) = 5*q**3 - 4*q**2 - 6*q - 9. Let c(u) = 11*u**3 - 7*u**2 - 11*u - 19. Let v(n) = -6*c(n) + 13*y(n). Is 11 a factor of v(-9)?
False
Let z be (0 + 88)*3/2. Suppose z = 4*j - 0*j. Let l = -9 + j. Is 12 a factor of l?
True
Suppose 0 = -3*j + 7*j + 12. Let s(q) = -13*q + 1. Is 20 a factor of s(j)?
True
Let q(o) = -19*o**2 + 2*o + 1. Let l(d) = 39*d**2 - 5*d - 3. Let z(x) = -2*l(x) - 5*q(x). Is 9 a factor of z(1)?
True
Let h(g) = -6*g**3 - 4*g**2 - 2*g. Does 18 divide h(-2)?
True
Is (1 - -1) + (-3)/(-1) a multiple of 3?
False
Suppose g = -4*g. Suppose g = -5*x + x + 52. Is x a multiple of 5?
False
Let u be (7/3)/((-5)/15). Let t = u + 15. Is 4 a factor of t?
True
Suppose -4*r + 0*r = -600. Suppose 2*n + r = 7*n. Is n a multiple of 10?
True
Let w(r) = r**2 - 6. Does 3 divide w(-3)?
True
Suppose -3*m = l - 6*l + 932, m = -4. Does 46 divide l?
True
Let q(x) = -x**2 + 4*x + 1. Let o be q(3). Suppose -5*f = -3*z - 173, f + 95 = o*f - 4*z. Is f a multiple of 17?
False
Let o(w) = -w**3 + 5*w**2 + w - 2. Let d be o(5). Suppose -d*q = -q + 12. Is 17 a factor of 4/q*153/(-3)?
True
Let u = 22 + -16. Let o = u - -9. Is o a multiple of 7?
False
Let w = 9 - 10. Let n = 9 - w. Suppose y + y = n. Is y a multiple of 3?
False
Let d be (-2)/8 - 21/(-4). Let v(m) = 0 + d + 1 - 2*m + 1. Is 9 a factor of v(-5)?
False
Suppose -43 = -3*x + 86. Is 12 a factor of x?
False
Suppose 0 = -3*n + 12 + 21. Is n a multiple of 9?
False
Let t(g) = g**3 + 6*g**2 - 5*g + 7. Is 25 a factor of t(-6)?
False
Let u(m) = m**2 + m - 6. Let w be (-2)/6 + (-38)/(-6). Let r be u(w). Suppose -4*j = 3*d - r, -2*j - 2*d + 4 = -16. Does 6 divide j?
True
Suppose -20*s + 18*s + 4*x + 144 = 0, 0 = -3*s + 3*x + 228. Is s a multiple of 14?
False
Let o be ((-4)/2)/(3/(-6)). Let a be 1/o + 628/(-16). Does 10 divide 2/3*a/(-2)?
False
Suppose r - 8 = -4*i, 2*i + 3*i - 5 = 0. Let w(t) = t**3 - 4*t**2 - 6*t + 3. Let k be w(6). Suppose r*y - k = -y + 3*a, y - a - 9 = 0. Is 2 a factor of y?
True
Let o be 3 - (1/(-1) - -1). Suppose -9 = -3*m + o*k, 5 = -5*k - 0. Let f = m - -6. Is f a multiple of 6?
False
Suppose -13*n + 31 = -34. Is n a multiple of 2?
False
Let b = 271 - 99. Suppose b = 4*g - 0*g. Does 17 divide g?
False
Let s be -3*(404/(-6))/(-2). Let c = s + 168. Is c a multiple of 13?
False
Suppose 0 = -2*b - 3*b. Suppose g - 8 = -n, -3*n - g + 2*g + 4 = b. Is (5 - n) + (-43)/(-1) a multiple of 22?
False
Suppose -2*c + 4*f = -36, 0 = 4*c - 3*f - 10 - 47. Suppose 0 = -y + c - 1. Is y a multiple of 3?
False
Let r(n) = -n**3 + 4*n**2 + 3*n. Let k be r(-2). Suppose -62 + k = -2*v. Does 11 divide v?
True
Let u(o) = -3*o**2 - o + 11. Let k be u(5). Let s = -6 + 8. Is 4 a factor of (-3)/s + k/(-6)?
False
Let l(z) = 14*z + 67. Is 2 a factor of l(0)?
False
Let k be 2 + (-2 - (1 + -1)). Suppose k = 2*g, -i - 5*g - 3 + 19 = 0. Let r = 30 - i. Does 7 divide r?
True
Let t(u) = u**2 + 3*u - 2. Let s be t(-4). Suppose -4*n + 28 = -2*p - s, -4*p = -5*n + 45. Let i(g) = 3*g - 2. Does 12 divide i(n)?
False
Suppose 2*o = 2*y - 3*y + 1, 5*o + 11 = 2*y. Is y a multiple of 2?
False
Let o be (4/(-5))/(8/(-60)). Let b(q) = 2*q - 4 - 4 + 0. Is 4 a factor of b(o)?
True
Suppose -174 = -5*y - 4. Is y a multiple of 7?
False
Let a(v) = -2*v + 5. Let l be a(5). Let u be 810/99 - (-4)/(-22). Let y = u - l. Does 13 divide y?
True
Does 12 divide 2*((-981)/6)/(-3)?
False
Suppose 0 = -b + 9 + 3. Is b a multiple of 12?
True
Suppose -4*h = -8 - 532. Suppose -3*r - 2*g - 117 = 0, 5*r - 4*g + h = 2*r. Let d = r + 68. Is d a multiple of 10?
False
Suppose 2*x - j + 1 = 6, -x + j = -4. Is 13 a factor of 1/1 + x*35?
False
Let i = -3 + 9. Is i a multiple of 6?
True
Suppose -2*y - 5*b = -b - 10, -4*y + 2*b = 0. Let s be -2 - 1/(y/60). Let i = s - -95. Is i a multiple of 16?
False
Let f be (-1113)/(-12) - (-2)/8. Suppose -22 = -s - 5*u + 3*u, 3*u = -4*s + f. Does 13 divide s?
False
Suppose 0 = j - 3*a - 12, 6*j + 8 = 3*j - 2*a. Suppose j = -4*z + 2*z + 24. Is 5 a factor of z?
False
Suppose -1 = -r + 2. Suppose -2*b = r*b + 10. Let l = b - -6. Is 2 a factor of l?
True
Does 4 divide (-1 + -1)/(5/(-100) + 0)?
True
Let d = -70 - -145. Is 27 a factor of d?
False
Suppose 0*p - 2*p + 66 = 0. Does 7 divide p?
False
Suppose 5*a + 5*g + 25 = 0, -4*a - 5*g = 4 + 16. Let n